he prime factors of 5507.
5507
What are the prime factors of 30113?
30113
List the prime factors of 4172.
2, 7, 149
List the prime factors of 7886.
2, 3943
What are the prime factors of 40502?
2, 7, 11, 263
What are the prime factors of 333?
3, 37
List the prime factors of 1282.
2, 641
List the prime factors of 923.
13, 71
List the prime factors of 36184.
2, 4523
What are the prime factors of 39941?
11, 3631
What are the prime factors of 75200?
2, 5, 47
What are the prime factors of 258?
2, 3, 43
What are the prime factors of 2845?
5, 569
What are the prime factors of 5992?
2, 7, 107
List the prime factors of 14620.
2, 5, 17, 43
List the prime factors of 111045.
3, 5, 11, 673
What are the prime factors of 2101?
11, 191
List the prime factors of 3196.
2, 17, 47
List the prime factors of 641.
641
List the prime factors of 25206.
2, 3, 4201
List the prime factors of 889.
7, 127
What are the prime factors of 82329?
3, 13, 2111
What are the prime factors of 14633?
14633
What are the prime factors of 18483?
3, 61, 101
What are the prime factors of 127933?
13, 757
List the prime factors of 1345.
5, 269
What are the prime factors of 53982?
2, 3, 2999
What are the prime factors of 2594?
2, 1297
List the prime factors of 2991.
3, 997
List the prime factors of 33659.
97, 347
What are the prime factors of 2193?
3, 17, 43
List the prime factors of 17147.
13, 1319
What are the prime factors of 16432?
2, 13, 79
List the prime factors of 61553.
61553
What are the prime factors of 4784?
2, 13, 23
List the prime factors of 1822.
2, 911
List the prime factors of 6183.
3, 229
List the prime factors of 15526.
2, 7, 1109
List the prime factors of 1001.
7, 11, 13
What are the prime factors of 342?
2, 3, 19
What are the prime factors of 92476?
2, 61, 379
List the prime factors of 827.
827
What are the prime factors of 12361?
47, 263
List the prime factors of 674.
2, 337
What are the prime factors of 784?
2, 7
What are the prime factors of 5283?
3, 587
List the prime factors of 6407.
43, 149
What are the prime factors of 19559?
19559
What are the prime factors of 4441?
4441
What are the prime factors of 1621?
1621
What are the prime factors of 12714?
2, 3, 13, 163
What are the prime factors of 8387?
8387
List the prime factors of 1267.
7, 181
What are the prime factors of 64275?
3, 5, 857
List the prime factors of 27564.
2, 3, 2297
List the prime factors of 4405.
5, 881
What are the prime factors of 7506?
2, 3, 139
List the prime factors of 4432.
2, 277
What are the prime factors of 10939?
10939
List the prime factors of 17114.
2, 43, 199
List the prime factors of 7053.
3, 2351
List the prime factors of 403.
13, 31
What are the prime factors of 1129?
1129
What are the prime factors of 20640?
2, 3, 5, 43
What are the prime factors of 98349?
3, 32783
List the prime factors of 5969.
47, 127
List the prime factors of 4704.
2, 3, 7
What are the prime factors of 945?
3, 5, 7
List the prime factors of 16784.
2, 1049
What are the prime factors of 9683?
23, 421
List the prime factors of 5581.
5581
What are the prime factors of 2383?
2383
List the prime factors of 20985.
3, 5, 1399
List the prime factors of 6271.
6271
List the prime factors of 448.
2, 7
What are the prime factors of 6124?
2, 1531
What are the prime factors of 3361?
3361
List the prime factors of 574.
2, 7, 41
List the prime factors of 52521.
3, 7, 41, 61
List the prime factors of 19219.
19219
What are the prime factors of 105964?
2, 59, 449
What are the prime factors of 4338?
2, 3, 241
What are the prime factors of 4919?
4919
What are the prime factors of 11067?
3, 7, 17, 31
List the prime factors of 2559.
3, 853
What are the prime factors of 11536?
2, 7, 103
List the prime factors of 124.
2, 31
What are the prime factors of 91380?
2, 3, 5, 1523
What are the prime factors of 89418?
2, 3, 7, 2129
List the prime factors of 31103.
19, 1637
List the prime factors of 5541.
3, 1847
List the prime factors of 294.
2, 3, 7
List the prime factors of 20005.
5, 4001
What are the prime factors of 89188?
2, 11, 2027
What are the prime factors of 12831?
3, 7, 13, 47
What are the prime factors of 2217?
3, 739
What are the prime factors of 15025?
5, 601
List the prime factors of 13.
13
List the prime factors of 50276.
2, 12569
List the prime factors of 43091.
41, 1051
List the prime factors of 12036.
2, 3, 17, 59
List the prime factors of 6623.
37, 179
What are the prime factors of 5813?
5813
What are the prime factors of 74972?
2, 18743
List the prime factors of 11243.
11243
List the prime factors of 122722.
2, 43, 1427
List the prime factors of 18308.
2, 23, 199
What are the prime factors of 3724?
2, 7, 19
List the prime factors of 798.
2, 3, 7, 19
List the prime factors of 29209.
29209
List the prime factors of 97.
97
What are the prime factors of 955?
5, 191
What are the prime factors of 3168?
2, 3, 11
What are the prime factors of 75291?
3, 25097
What are the prime factors of 80?
2, 5
List the prime factors of 1041.
3, 347
What are the prime factors of 2907?
3, 17, 19
List the prime factors of 10186.
2, 11, 463
What are the prime factors of 87066?
2, 3, 7, 691
List the prime factors of 1304.
2, 163
List the prime factors of 1184.
2, 37
List the prime factors of 169810.
2, 5, 16981
What are the prime factors of 10267?
10267
List the prime factors of 2300.
2, 5, 23
List the prime factors of 480.
2, 3, 5
What are the prime factors of 596?
2, 149
What are the prime factors of 2554?
2, 1277
What are the prime factors of 101798?
2, 23, 2213
What are the prime factors of 23439?
3, 13, 601
List the prime factors of 81811.
23, 3557
What are the prime factors of 125?
5
List the prime factors of 37453.
13, 43, 67
List the prime factors of 45061.
45061
List the prime factors of 47380.
2, 5, 23, 103
List the prime factors of 168370.
2, 5, 113, 149
What are the prime factors of 5582?
2, 2791
List the prime factors of 6660.
2, 3, 5, 37
What are the prime factors of 2526?
2, 3, 421
List the prime factors of 9126.
2, 3, 13
What are the prime factors of 1177?
11, 107
What are the prime factors of 12473?
12473
List the prime factors of 97546.
2, 17, 19, 151
What are the prime factors of 2069?
2069
What are the prime factors of 4405?
5, 881
List the prime factors of 2512.
2, 157
What are the prime factors of 517?
11, 47
List the prime factors of 8886.
2, 3, 1481
List the prime factors of 398.
2, 199
What are the prime factors of 36444?
2, 3, 3037
What are the prime factors of 245?
5, 7
What are the prime factors of 579?
3, 193
List the prime factors of 2645.
5, 23
List the prime factors of 276.
2, 3, 23
What are the prime factors of 213466?
2, 11, 31, 313
What are the prime factors of 148?
2, 37
List the prime factors of 4356.
2, 3, 11
What are the prime factors of 12974?
2, 13, 499
List the prime factors of 27734.
2, 7, 283
List the prime factors of 3256.
2, 11, 37
List the prime factors of 52559.
13, 311
List the prime factors of 1984.
2, 31
What are the prime factors of 17025?
3, 5, 227
What are the prime factors of 17345?
5, 3469
List the prime factors of 5339.
19, 281
What are the prime factors of 7683?
3, 13, 197
List the prime factors of 44576.
2, 7, 199
List the prime factors of 1138.
2, 569
List the prime factors of 79977.
3, 53, 503
List the prime factors of 8689.
8689
List the prime factors of 46427.
17, 2731
List the prime factors of 6001.
17, 353
What are the prime factors of 58143?
3, 19381
What are the prime factors of 8129?
11, 739
What are the prime factors of 6330?
2, 3, 5, 211
List the prime factors of 45106.
2, 19, 1187
What are the prime factors of 3467?
3467
What are the prime factors of 1007?
19, 53
List the prime factors of 1449.
3, 7, 23
What are the prime factors of 710?
2, 5, 71
List the prime factors of 8120.
2, 5, 7, 29
What are the prime factors of 5847?
3, 1949
What are the prime factors of 17633?
7, 11, 229
What are the prime factors of 3008?
2, 47
List the prime factors of 139176.
2, 3, 1933
List the prime factors of 95715.
3, 5, 709
List the prime factors of 11671.
11, 1061
List the prime factors of 9562.
2, 7, 683
List the prime factors of 11373.
3, 17, 223
List the prime factors of 934.
2, 467
List the prime factors of 85140.
2, 3, 5, 11, 43
What are the prime factors of 31774?
2, 15887
List the prime 